{"id":40,"date":"2019-08-03T16:01:27","date_gmt":"2019-08-03T16:01:27","guid":{"rendered":"https:\/\/shijing.de\/?page_id=40"},"modified":"2025-09-22T14:49:43","modified_gmt":"2025-09-22T14:49:43","slug":"shijing-bzw-schi-king-das-kanonische-liederbuch-der-chinesen","status":"publish","type":"page","link":"https:\/\/shijing.de\/","title":{"rendered":"Shijing, das kanonische Liederbuch der Chinesen."},"content":{"rendered":"\n<p class=\"has-text-align-center\"><strong class=\"\">Willkommen auf Shijing.de \u2013 Die Reise einer \u00dcbersetzung<\/strong><\/p>\n\n\n<div class=\"wp-block-image\">\n<figure class=\"aligncenter size-full is-resized\"><img loading=\"lazy\" decoding=\"async\" width=\"917\" height=\"631\" src=\"https:\/\/shijing.de\/wp-content\/uploads\/2025\/09\/image-1.png\" alt=\"\" class=\"wp-image-3635\" style=\"width:500px;height:auto\" srcset=\"https:\/\/shijing.de\/wp-content\/uploads\/2025\/09\/image-1.png 917w, https:\/\/shijing.de\/wp-content\/uploads\/2025\/09\/image-1-300x206.png 300w, https:\/\/shijing.de\/wp-content\/uploads\/2025\/09\/image-1-768x528.png 768w\" sizes=\"auto, (max-width: 917px) 100vw, 917px\" \/><\/figure><\/div>\n\n\n<p class=\"has-text-align-center has-small-font-size\">Von Friedrich Viktor Strau\u00df (Victor Strauss), ab 1852 von Strau\u00df, ab 1872 von Strau\u00df und Torney<\/p>\n\n\n\n<p class=\"has-text-align-center has-small-font-size\"> (* 18. September 1809 in B\u00fcckeburg, F\u00fcrstentum Schaumburg-Lippe, heute Niedersachsen; \u2020 1. April 1899 in Dresden)<\/p>\n\n\n\n<p>Herzlich willkommen auf dieser Webseite, die einem einzigartigen kulturellen und famili\u00e4ren Erbe gewidmet ist: einer besonderen \u00dcbersetzung des Schi-king (\u8a69\u7d93), des klassischen chinesischen &#8222;Buchs der Lieder&#8220;.<\/p>\n\n\n\n<p class=\"has-text-align-left\">Dieses Projekt beleuchtet den faszinierenden Sch\u00f6pfungsweg eines Werkes, das \u00fcber Generationen und Kulturen hinweg gereist ist. Den Ausgangspunkt bilden die handschriftlichen Aufzeichnungen meines Ururgro\u00dfvaters <strong>Viktor von Strau\u00df und Torney<\/strong>, der sich der monumentalen Aufgabe widmete, die chinesischen Oden f\u00fcr den westlichen Kulturkreis zug\u00e4nglich zu machen.<\/p>\n\n\n\n<p>Seine Methode war dabei so ungew\u00f6hnlich wie akademisch anspruchsvoll:<\/p>\n\n\n\n<ol class=\"wp-block-list\">\n<li><strong class=\"\">Der Ursprung:<\/strong> Das altchinesische Original des Schi-king.<\/li>\n\n\n\n<li><strong class=\"\">Die Br\u00fccke:<\/strong> Eine \u00dcbertragung der Texte ins Lateinische, die Sprache der Gelehrten seiner Zeit.<\/li>\n\n\n\n<li><strong class=\"\">Das Ziel:<\/strong> Die finale, feinsinnige \u00dcbersetzung aus dem Lateinischen ins Deutsche.<\/li>\n<\/ol>\n\n\n\n<p>Diese Webseite macht diesen gesamten Prozess transparent und erlebbar. Sie finden hier nicht nur die digitalisierten, handschriftlichen Originalnotizen, die als Grundlage dienten, sondern auch die vollst\u00e4ndige, nun digital durchsuchbare deutsche Fassung der \u00dcbersetzung.<\/p>\n\n\n\n<p class=\"has-text-align-center\">Ich lade Sie ein, in die poetische Welt des alten China einzutauchen und die bemerkenswerte Reise dieser Worte von Ost nach West zu entdecken.<\/p>\n\n\n\n<p class=\"has-text-align-center\"><br><em>&#8211;  Hildegard Fischer und Christoph Fischer<\/em><\/p>\n\n\n\n<p><\/p>\n","protected":false},"excerpt":{"rendered":"<p>Willkommen auf Shijing.de \u2013 Die Reise einer \u00dcbersetzung Von Friedrich Viktor Strau\u00df (Victor Strauss), ab 1852 von Strau\u00df, ab 1872 von Strau\u00df und Torney (* 18. September 1809 in B\u00fcckeburg, F\u00fcrstentum Schaumburg-Lippe, heute Niedersachsen; \u2020 1. April 1899 in Dresden) Herzlich willkommen auf dieser Webseite, die einem einzigartigen kulturellen und famili\u00e4ren Erbe gewidmet ist: einer [&hellip;]<\/p>\n","protected":false},"author":1,"featured_media":0,"parent":0,"menu_order":0,"comment_status":"closed","ping_status":"closed","template":"","meta":{"footnotes":""},"class_list":["post-40","page","type-page","status-publish","hentry"],"_links":{"self":[{"href":"https:\/\/shijing.de\/index.php?rest_route=\/wp\/v2\/pages\/40","targetHints":{"allow":["GET"]}}],"collection":[{"href":"https:\/\/shijing.de\/index.php?rest_route=\/wp\/v2\/pages"}],"about":[{"href":"https:\/\/shijing.de\/index.php?rest_route=\/wp\/v2\/types\/page"}],"author":[{"embeddable":true,"href":"https:\/\/shijing.de\/index.php?rest_route=\/wp\/v2\/users\/1"}],"replies":[{"embeddable":true,"href":"https:\/\/shijing.de\/index.php?rest_route=%2Fwp%2Fv2%2Fcomments&post=40"}],"version-history":[{"count":65,"href":"https:\/\/shijing.de\/index.php?rest_route=\/wp\/v2\/pages\/40\/revisions"}],"predecessor-version":[{"id":3805,"href":"https:\/\/shijing.de\/index.php?rest_route=\/wp\/v2\/pages\/40\/revisions\/3805"}],"wp:attachment":[{"href":"https:\/\/shijing.de\/index.php?rest_route=%2Fwp%2Fv2%2Fmedia&parent=40"}],"curies":[{"name":"wp","href":"https:\/\/api.w.org\/{rel}","templated":true}]}}